 the units digit of t?
6
Let d = -24 + 22. Let r be (28/(-10))/(d/5). What is the units digit of (-2 + r)*3/15?
1
Suppose 4861 = 3*i + 1852. What is the hundreds digit of (-28)/98 + i/7?
1
Let b be 2 + (-5)/1 + 8. Suppose 24 = -b*r - 31. Let o = 15 + r. What is the units digit of o?
4
Suppose -2*m + 2510 = -946. What is the tens digit of m?
2
What is the units digit of 2 - -1003 - ((5 - 1) + -1)?
2
Let r = 161 - 104. Let f = 7 + r. What is the units digit of f?
4
Let j(o) = o**3 - 5 - 10*o + 7*o**2 + 14*o + 0*o**2. Suppose 6*f + 48 - 18 = 0. What is the tens digit of j(f)?
2
Let a = 10542 - 4901. What is the tens digit of a?
4
Let c(l) = -l**2 - 3*l - 3. Let j be c(-6). What is the tens digit of (-1275)/j - (-4)/14?
6
Let f(m) = -m**3 + 4*m**2 + 6*m - 2. Let l be (-2 - (-9)/6)*-6. Suppose -w + l*n = 2, -3*w + 5*n - 18 = -5*w. What is the tens digit of f(w)?
2
Let m = 16 - 14. Suppose -l = 3*z - 84, m*z - 133 = -l - 47. Suppose -14*o + 12*o + l = 0. What is the units digit of o?
5
Suppose q + 4522 = 4*f, -f = -5*q - 1249 + 109. What is the thousands digit of f?
1
Let o(b) = 8*b**2 - 9*b. Suppose -3*d + 22 = 2*t, 0*d = -2*t + d + 6. What is the tens digit of o(t)?
5
Let d(u) = -u**3 + 2*u + 77. Suppose 0 = -20*p + 12*p. What is the units digit of d(p)?
7
Suppose 4*t - 979 - 83 = -g, 0 = 4*t + 16. What is the hundreds digit of g?
0
Let v = -24 + 17. Let h = v - -5. What is the tens digit of 832/60 + h/(-15)?
1
Suppose -q - 323 = -0*s + 5*s, 0 = -4*q + 4*s - 1220. Let z = -139 - q. What is the tens digit of z?
6
Suppose -20*p + 2340 = -2*p. What is the units digit of p?
0
Suppose 264 = 7*v + 1111. Let m = v - -241. Suppose 3*n + m = 4*q - n, -4*q + 160 = 4*n. What is the tens digit of q?
3
Let s be ((-28)/(-3))/((-6)/(-63)). Suppose 29 = 3*b + s. Let v = 32 + b. What is the units digit of v?
9
Let c(z) = -z**3 + 7*z**2 + 1. Let a be c(3). Let l = a + -127. What is the tens digit of 2 + l/(2 - 4)?
4
Suppose -2*r + 7*r = 15, -1166 = -2*w - 2*r. What is the hundreds digit of w?
5
Let x be 12/5 + (-2)/5. Suppose -4*f = 5*q - 4 - 23, -4*q + 3*f + 34 = 0. What is the units digit of 1/(x + (-13)/q)?
7
Let q(m) = 2*m + 3. Let a be q(-6). Let t = 190 - 192. What is the units digit of (-479)/a - t/(-9)?
3
What is the tens digit of (-70)/1085 + (-81780)/(-31)?
3
Let r(p) = p**2 + 2*p + 9. Let n(l) be the second derivative of l**5/20 - 3*l**4/4 - l**3/3 + 6*l**2 - 3*l. Let j be n(9). What is the units digit of r(j)?
3
Let h be (-6)/(-21) + (-33)/(-7). Suppose -h*b = -5*i + 5, -i - 3*b = -2*i + 3. Suppose -11 = -k + 5*x, -33 = -3*k - i*x + 3*x. What is the tens digit of k?
1
Let w(k) = 266*k**2 - 4*k - 9. What is the thousands digit of w(-2)?
1
Let i be 3/((-12)/(-3908)) + 1. What is the units digit of i/16 + 1/(-8)?
1
Let n(v) = -3 - 3*v - v**2 - 6*v**2 + 6*v + 126*v**2. What is the units digit of n(1)?
9
Let r = 124 - 112. Suppose 3*h = -12, 10 = -2*y + 4*h - 42. Let m = r - y. What is the units digit of m?
6
Let p(o) = 12*o + 1. Let i be p(1). Suppose j = i + 16. Suppose -j = -t + 9. What is the units digit of t?
8
Suppose 11*s = 6*s + 10. Suppose 440 = 4*i - 2*k, 0 = i + s*k - 43 - 77. What is the hundreds digit of i?
1
Let g(f) = -2*f**3 - 2*f**2 + 3*f + 2. Let t be g(-2). Suppose 274 = 7*x - 3*x + 2*k, -82 = -x + t*k. What is the tens digit of x?
7
Let x(v) = 132*v - 93. What is the tens digit of x(7)?
3
Suppose -2*x + 3*x = 2*s, 2*x = -3*s. Suppose x = -3*q - 31 + 94. What is the units digit of q?
1
Suppose -2*n - 994 = 170. Let w = n + 816. What is the units digit of w?
4
Suppose 4*j - 21100 = -4*u, -3*u - 6*j = -9*j - 15843. What is the tens digit of u?
7
Suppose 0 = -3*d - 2*q + 1601, -1716 = -4*d + q + 404. What is the tens digit of d?
3
Let l = 92 + -432. Let k = l - -700. Suppose -5*u = 4*n + n - k, -4*u = -5*n - 243. What is the tens digit of u?
6
Suppose s - 4*s + 45 = 0. Let p be (-554)/(-22) + 4/(-22). Let z = p - s. What is the tens digit of z?
1
Suppose -142 = 5*m - 502. Suppose -3*w + 25 = q + 7, -m = -4*q + 3*w. What is the units digit of q?
8
Suppose -43247 - 43969 = -24*t. What is the hundreds digit of t?
6
Let w = 181 - 106. Let l be 8/28 + 3/((-21)/(-47)). Suppose w = -4*r + l*r. What is the tens digit of r?
2
Suppose -q = 2*c - 27, -3*c + c + 8 = 0. Let i be (-2)/7 - 60/(-14). Suppose -i*f + q = 5*y, 2*f + 2*y + 3*y - 7 = 0. What is the units digit of f?
6
Suppose t - 2 = 2. Suppose 3*q = -3*r, -5*r = -2*q + 13 + 15. Suppose f = q*c + 22, 5*f = t*f + 2*c + 18. What is the tens digit of f?
1
Let f(q) = -130*q**3 + 2*q**2 + 3*q. Let y(t) = -130*t**3 + 3*t**2 + 3*t + 1. Let s(a) = -4*f(a) + 3*y(a). What is the units digit of s(1)?
1
Let n(x) = 374*x**2 + 13*x + 9. What is the hundreds digit of n(-3)?
3
Let t be (-24)/(-13) + (-4)/(-26). Suppose i + 29 = t*i. What is the units digit of i?
9
Suppose 5*m = -5*t + 30, 3*m - 8 = -t + 3*t. Suppose -10*l + 102 = -m*l. What is the units digit of l?
7
Let x = 34 + -31. Suppose 185 = 8*t - x*t. Suppose 4*y - 90 = -n + 88, y = -4*n + t. What is the tens digit of y?
4
Suppose -6*h + h + g = -15856, -2*h - 4*g + 6360 = 0. What is the hundreds digit of h?
1
Suppose 32*c + 47*c = 324137. What is the tens digit of c?
0
Let d be ((-20)/(-12))/((-4)/(-24)). Let x = d + -4. What is the units digit of x?
6
Suppose 4 + 1 = 2*w - 3*d, -d = 3*w - 13. Suppose -2*o + w = -o. What is the units digit of o?
4
Let d = -1 - -4. Let q be (200/(-30))/((-2)/d). Suppose 7*w = q*w - 12. What is the units digit of w?
4
Suppose 0 = n - 6*n + 20. Suppose -12 = c + c - 2*v, n*c - 3*v + 23 = 0. What is the units digit of 3/5 - 47/c?
0
Let o(v) = v**3 + 4*v**2 + v + 2. Let i(b) = -b**3 - 9*b**2 - 2*b - 4. Let u(l) = -2*i(l) - 5*o(l). What is the tens digit of u(-2)?
1
Suppose s - c - 528 = 51, 2885 = 5*s + 5*c. What is the tens digit of s?
7
What is the units digit of (-194089)/(-323) + 10 - (-4)/38?
1
Suppose 0 = 11*i - 0*i - 9350. What is the tens digit of i?
5
Let u = -4 + 3. Let g be u/4 - 2303/(-28). Suppose 5*k + 2 = g. What is the tens digit of k?
1
Let v = 43 - 31. Let q = v + -15. Let p = 12 + q. What is the units digit of p?
9
Let p(r) = r**2 + 2. Let f be p(0). Suppose -f*g = 4*k - 28, -2*g + 4*g - 5*k = 37. What is the units digit of g?
6
Let t = -186 + 42. Let o = -35 - t. What is the tens digit of o?
0
Suppose 0 = 3*u - 2*q - 26, -u + 2*q + 20 = u. Let l(g) = 0*g - u*g - 2*g**2 + 3 + 2*g + g**2. What is the units digit of l(-4)?
3
Let n = 256 + 420. What is the tens digit of n?
7
Suppose -16*m = -11*m - 280. Suppose -a = -3*c - 61, 5*c = a + 3*c - m. What is the tens digit of a?
4
Suppose -251 = -4*l - 2*k + 121, -2*k = 4. Suppose 0*f - 67 = f. Let h = l + f. What is the units digit of h?
7
Let h = -1416 - -2667. What is the tens digit of h?
5
Let q be (32/(-12))/(1/(-15)). Suppose 132 = 4*r - q. What is the units digit of r?
3
Let i(g) = 1 + 2*g + 1 + 0. Let v be i(-1). Let d(p) = -p + 4. What is the units digit of d(v)?
4
Suppose 10*o + 4 = -6. What is the hundreds digit of 1386/7*(-1 + 0)/o?
1
Let x(g) = 2*g**3 + g**2 + g + 4. Suppose -48*a + 49*a - 6 = 0. Suppose 0 = s - n - 3, -s = s + 5*n - a. What is the tens digit of x(s)?
7
Let a(p) = 13*p - 3 + 1 + 0. Let n be a(2). What is the tens digit of (-158)/(-12) + (-4)/n?
1
What is the hundreds digit of 312/(-20)*(-60)/8?
1
Let f be (-9)/(-2)*2*(-4)/(-12). Suppose f*l + 1 = 28. What is the units digit of l?
9
Let j = -781 + 1242. What is the tens digit of j?
6
Suppose -3*m + 4*a = 88, m + 20 = -a - 0. Let n(l) = 7*l**2 + 4*l - 1. Let g be n(-3). Let i = m + g. What is the tens digit of i?
2
Let j be (-11 - -1)*19/2. Let m = -193 - j. Let s = m - -171. What is the tens digit of s?
7
Let f be ((-322)/(-28))/(1/(-2)). Let k = 23 + f. Suppose k*y + 3*s = 3*y - 84, 3*y = -s + 80. What is the units digit of y?
7
Suppose -9*o + 10 = -53. What is the units digit of o?
7
Suppose -f - 11218 = -5*s, 9*s + 5*f + 8987 = 13*s. What is the tens digit of s?
4
Let p(u) = -u**2 + 12*u - 6. Let x be p(11). Let d = 85 - 49. What is the tens digit of x/(10/d) + 2?
2
Suppose 5*y - 104652 = -46*y. What is the hundreds digit of y?
0
Let s(h) = 11*h + 19. Let x(u) = -u + 2. Let z(y) = s(y) - 3*x(y). What is the hundreds digit of z(7)?
1
Suppose 0 = -3*g - 14 + 104. Let i = 34 - g. 